{"id":2034,"date":"2022-08-26T16:52:37","date_gmt":"2022-08-26T19:52:37","guid":{"rendered":"https:\/\/fpmcmautoclaves.com.br\/?post_type=product&#038;p=2034"},"modified":"2022-08-26T16:52:37","modified_gmt":"2022-08-26T19:52:37","slug":"valvula-retencao-para-camara-de-autoclave","status":"publish","type":"product","link":"https:\/\/fpmcmautoclaves.com.br\/?product=valvula-retencao-para-camara-de-autoclave","title":{"rendered":"Valvula Reten\u00e7\u00e3o para Camara de  Autoclave"},"content":{"rendered":"<p>VALVULA DE RETEN\u00c7\u00c3O COM ROSCA DE 1\/4<\/p>\n<p>UTILIZADO EM AUTOCLAVES SERCON PRISMATEC E OUTRAS<\/p>\n<p>UTILIZADO EM CAMARA DE AUTOCLAVES DE VARIAS MARCAS<\/p>\n","protected":false},"excerpt":{"rendered":"VALVULA DE RETEN\u00c7\u00c3O COM ROSCA DE 1\/4\r\n\r\nUTILIZADO EM AUTOCLAVES SERCON PRISMATEC E OUTRAS\r\n\r\nUTILIZADO EM CAMARA DE AUTOCLAVES DE VARIAS MARCAS","protected":false},"featured_media":0,"template":"","meta":[],"product_cat":[],"product_tag":[],"class_list":{"0":"post-2034","1":"product","2":"type-product","3":"status-publish","6":"first","7":"instock","8":"shipping-taxable","9":"product-type-simple"},"_links":{"self":[{"href":"https:\/\/fpmcmautoclaves.com.br\/index.php?rest_route=\/wp\/v2\/product\/2034","targetHints":{"allow":["GET"]}}],"collection":[{"href":"https:\/\/fpmcmautoclaves.com.br\/index.php?rest_route=\/wp\/v2\/product"}],"about":[{"href":"https:\/\/fpmcmautoclaves.com.br\/index.php?rest_route=\/wp\/v2\/types\/product"}],"wp:attachment":[{"href":"https:\/\/fpmcmautoclaves.com.br\/index.php?rest_route=%2Fwp%2Fv2%2Fmedia&parent=2034"}],"wp:term":[{"taxonomy":"product_cat","embeddable":true,"href":"https:\/\/fpmcmautoclaves.com.br\/index.php?rest_route=%2Fwp%2Fv2%2Fproduct_cat&post=2034"},{"taxonomy":"product_tag","embeddable":true,"href":"https:\/\/fpmcmautoclaves.com.br\/index.php?rest_route=%2Fwp%2Fv2%2Fproduct_tag&post=2034"}],"curies":[{"name":"wp","href":"https:\/\/api.w.org\/{rel}","templated":true}]}}