{"id":1945,"date":"2022-06-19T19:06:02","date_gmt":"2022-06-19T22:06:02","guid":{"rendered":"https:\/\/fpmcmautoclaves.com.br\/?post_type=product&#038;p=1945"},"modified":"2022-10-13T13:14:17","modified_gmt":"2022-10-13T16:14:17","slug":"autoclave-horizontal-linha-ohfv","status":"publish","type":"product","link":"https:\/\/fpmcmautoclaves.com.br\/?product=autoclave-horizontal-linha-ohfv","title":{"rendered":"Autoclave Horizontal Linha OHFV"},"content":{"rendered":"<p>A autoclave horizontal Linha OHFV \u00e9 projetado e fabricado com alta tecnologia e qualidade em conformidade com as normas Brasileira. Indicado para ind\u00fastrias, laborat\u00f3rios de analise e pesquisa.<\/p>\n<p><strong>C\u00c2MARA<\/strong><\/p>\n<p>C\u00e2mara interna com se\u00e7\u00e3o transversal quadrada, constru\u00edda em chapas de a\u00e7o inoxid\u00e1vel AISI 304L ou 316L, unidas por processo de soldagem TIG e refor\u00e7adas externamente por perfil &amp;quot,U&amp;quot, de a\u00e7o inoxid\u00e1vel AISI 304-L, unidas ao corpo por processo de soldagem MIG\/MAG e isolado externamente por manta de l\u00e3 de rocha e chapa de aluminio corrugado, formando um conjunto que constitui a c\u00e2mara externa e a estrutura do vaso.<\/p>\n<p><strong>PORTAS<\/strong><br \/>\nPorta com fechamento vertical semi automatico (acionado atraves de bot\u00e3o).<br \/>\nO sistema de veda\u00e7\u00e3o por guarni\u00e7\u00e3o de silicone.<\/p>\n<p><strong>ACABAMENTO INTERNO E EXTERNO<\/strong><br \/>\nNas paredes internas do autoclave polimento sanit\u00e1rio, gr\u00e3o 320.<br \/>\nExternamente o acabamento em a\u00e7o inoxid\u00e1vel escovado.<\/p>\n<p><strong>COMANDO ELETR\u00d4NICO<\/strong><br \/>\nO comando da instala\u00e7\u00e3o \u00e9 realizado por Controlador L\u00f3gico Program\u00e1vel, digital de modo a visualizar facilmente os par\u00e2metros do processo de esteriliza\u00e7\u00e3o.<br \/>\nO software de programa\u00e7\u00e3o do CLP permite controlar totalmente o ciclo de esteriliza\u00e7\u00e3o, possibilitando a altera\u00e7\u00e3o de par\u00e2metros de ciclo, assim com a visualiza\u00e7\u00e3o de todo o processo atrav\u00e9s da IHM.<\/p>\n","protected":false},"excerpt":{"rendered":"A autoclave horizontal Linha OHFV \u00e9 projetado e fabricado com alta tecnologia e qualidade em conformidade com as normas Brasileira. Indicado para ind\u00fastrias, laborat\u00f3rios de analise e pesquisa.\r\n\r\n<strong>C\u00c2MARA<\/strong>\r\n\r\nC\u00e2mara interna com se\u00e7\u00e3o transversal quadrada, constru\u00edda em chapas de a\u00e7o inoxid\u00e1vel AISI 304L ou 316L, unidas por processo de soldagem TIG e refor\u00e7adas externamente por perfil &amp;quot,U&amp;quot, de a\u00e7o inoxid\u00e1vel AISI 304-L, unidas ao corpo por processo de soldagem MIG\/MAG e isolado externamente por manta de l\u00e3 de rocha e chapa de aluminio corrugado, formando um conjunto que constitui a c\u00e2mara externa e a estrutura do vaso.\r\n\r\n<strong>PORTAS<\/strong>\r\nPorta com fechamento vertical semi automatico (acionado atraves de bot\u00e3o).\r\nO sistema de veda\u00e7\u00e3o por guarni\u00e7\u00e3o de silicone.\r\n\r\n<strong>ACABAMENTO INTERNO E EXTERNO<\/strong>\r\nNas paredes internas do autoclave polimento sanit\u00e1rio, gr\u00e3o 320.\r\nExternamente o acabamento em a\u00e7o inoxid\u00e1vel escovado.\r\n\r\n<strong>COMANDO ELETR\u00d4NICO<\/strong>\r\nO comando da instala\u00e7\u00e3o \u00e9 realizado por Controlador L\u00f3gico Program\u00e1vel, digital de modo a visualizar facilmente os par\u00e2metros do processo de esteriliza\u00e7\u00e3o.\r\nO software de programa\u00e7\u00e3o do CLP permite controlar totalmente o ciclo de esteriliza\u00e7\u00e3o, possibilitando a altera\u00e7\u00e3o de par\u00e2metros de ciclo, assim com a visualiza\u00e7\u00e3o de todo o processo atrav\u00e9s da IHM.","protected":false},"featured_media":2063,"template":"","meta":[],"product_cat":[109],"product_tag":[110],"class_list":{"0":"post-1945","1":"product","2":"type-product","3":"status-publish","4":"has-post-thumbnail","6":"product_cat-autoclaves","7":"product_tag-autoclaves","9":"first","10":"instock","11":"shipping-taxable","12":"product-type-simple"},"_links":{"self":[{"href":"https:\/\/fpmcmautoclaves.com.br\/index.php?rest_route=\/wp\/v2\/product\/1945","targetHints":{"allow":["GET"]}}],"collection":[{"href":"https:\/\/fpmcmautoclaves.com.br\/index.php?rest_route=\/wp\/v2\/product"}],"about":[{"href":"https:\/\/fpmcmautoclaves.com.br\/index.php?rest_route=\/wp\/v2\/types\/product"}],"wp:featuredmedia":[{"embeddable":true,"href":"https:\/\/fpmcmautoclaves.com.br\/index.php?rest_route=\/wp\/v2\/media\/2063"}],"wp:attachment":[{"href":"https:\/\/fpmcmautoclaves.com.br\/index.php?rest_route=%2Fwp%2Fv2%2Fmedia&parent=1945"}],"wp:term":[{"taxonomy":"product_cat","embeddable":true,"href":"https:\/\/fpmcmautoclaves.com.br\/index.php?rest_route=%2Fwp%2Fv2%2Fproduct_cat&post=1945"},{"taxonomy":"product_tag","embeddable":true,"href":"https:\/\/fpmcmautoclaves.com.br\/index.php?rest_route=%2Fwp%2Fv2%2Fproduct_tag&post=1945"}],"curies":[{"name":"wp","href":"https:\/\/api.w.org\/{rel}","templated":true}]}}