{"id":1875,"date":"2022-06-19T19:04:53","date_gmt":"2022-06-19T22:04:53","guid":{"rendered":"https:\/\/fpmcmautoclaves.com.br\/?post_type=product&#038;p=1875"},"modified":"2022-10-13T16:55:16","modified_gmt":"2022-10-13T19:55:16","slug":"controlador-cpda-4054-print","status":"publish","type":"product","link":"https:\/\/fpmcmautoclaves.com.br\/?product=controlador-cpda-4054-print","title":{"rendered":"Controlador CPDA 4054 print"},"content":{"rendered":"<p>Caracter\u00edsticas principais Controla todas as vari\u00e1veis do processo de esteriliza\u00e7\u00e3o Constitu\u00eddo de oito programas ( Ciclos ) Nove sa\u00eddas para comando Um ponto de leitura de temperatura de 0 a 150\u00b0C com resolu\u00e7\u00e3o de 1\u00b0C Duas entrada para micro switch de porta Duas entrada para transdutor de press\u00e3o 4 &#8211; 20 mA (-1 a 3bar -1 a 5bar ) um para c\u00e2mara interna e um para c\u00e2mara externa Uma entrada para pressostato contato NA ( c\u00e2mara externa ) Controle total do gerador de vapor com 2 Eletrodos de n\u00edvel (alto\/baixo Indica\u00e7\u00e3o de porta aberta Sa\u00edda para impressora CSN-A1K ( T\u00e9rmica ) FH-190 (Matricial) Imprime registro num\u00e9rico do ciclo realizado Nove n\u00edveis de alarmes ( durante o processo de esteriliza\u00e7\u00e3o ) Caixa pl\u00e1stica 98x98x155 mm Alimenta\u00e7\u00e3o de 100 a 230VAC Fonte de alimenta\u00e7\u00e3o da impressora integrada no aparelho Aplica\u00e7\u00e3o Autoclaves de esteriliza\u00e7\u00e3o a vapor<\/p>\n","protected":false},"excerpt":{"rendered":"Caracter\u00edsticas principais Controla todas as vari\u00e1veis do processo de esteriliza\u00e7\u00e3o Constitu\u00eddo de oito programas ( Ciclos ) Nove sa\u00eddas para comando Um ponto de leitura de temperatura de 0 a 150\u00b0C com resolu\u00e7\u00e3o de 1\u00b0C Duas entrada para micro switch de porta Duas entrada para transdutor de press\u00e3o 4 &#8211; 20 mA (-1 a 3bar -1 a 5bar ) um para c\u00e2mara interna e um para c\u00e2mara externa Uma entrada para pressostato contato NA ( c\u00e2mara externa ) Controle total do gerador de vapor com 2 Eletrodos de n\u00edvel (alto\/baixo Indica\u00e7\u00e3o de porta aberta Sa\u00edda para impressora CSN-A1K ( T\u00e9rmica ) FH-190 (Matricial) Imprime registro num\u00e9rico do ciclo realizado Nove n\u00edveis de alarmes ( durante o processo de esteriliza\u00e7\u00e3o ) Caixa pl\u00e1stica 98x98x155 mm Alimenta\u00e7\u00e3o de 100 a 230VAC Fonte de alimenta\u00e7\u00e3o da impressora integrada no aparelho Aplica\u00e7\u00e3o Autoclaves de esteriliza\u00e7\u00e3o a vapor","protected":false},"featured_media":2079,"template":"","meta":[],"product_cat":[115],"product_tag":[116],"class_list":{"0":"post-1875","1":"product","2":"type-product","3":"status-publish","4":"has-post-thumbnail","6":"product_cat-pecas-de-reposicao-para-autoclave","7":"product_tag-pecas-de-reposicao-para-autoclave","9":"first","10":"instock","11":"shipping-taxable","12":"product-type-simple"},"_links":{"self":[{"href":"https:\/\/fpmcmautoclaves.com.br\/index.php?rest_route=\/wp\/v2\/product\/1875","targetHints":{"allow":["GET"]}}],"collection":[{"href":"https:\/\/fpmcmautoclaves.com.br\/index.php?rest_route=\/wp\/v2\/product"}],"about":[{"href":"https:\/\/fpmcmautoclaves.com.br\/index.php?rest_route=\/wp\/v2\/types\/product"}],"wp:featuredmedia":[{"embeddable":true,"href":"https:\/\/fpmcmautoclaves.com.br\/index.php?rest_route=\/wp\/v2\/media\/2079"}],"wp:attachment":[{"href":"https:\/\/fpmcmautoclaves.com.br\/index.php?rest_route=%2Fwp%2Fv2%2Fmedia&parent=1875"}],"wp:term":[{"taxonomy":"product_cat","embeddable":true,"href":"https:\/\/fpmcmautoclaves.com.br\/index.php?rest_route=%2Fwp%2Fv2%2Fproduct_cat&post=1875"},{"taxonomy":"product_tag","embeddable":true,"href":"https:\/\/fpmcmautoclaves.com.br\/index.php?rest_route=%2Fwp%2Fv2%2Fproduct_tag&post=1875"}],"curies":[{"name":"wp","href":"https:\/\/api.w.org\/{rel}","templated":true}]}}